{"id":19,"date":"2024-11-21T10:39:53","date_gmt":"2024-11-21T09:39:53","guid":{"rendered":"https:\/\/movilidad.lucentia.es\/?page_id=19"},"modified":"2026-01-21T12:55:05","modified_gmt":"2026-01-21T12:55:05","slug":"contacto","status":"publish","type":"page","link":"https:\/\/mobility.1millionbot.com\/?page_id=19","title":{"rendered":"Contacto"},"content":{"rendered":"\t\t<div data-elementor-type=\"wp-page\" data-elementor-id=\"19\" class=\"elementor elementor-19\">\n\t\t\t\t<div class=\"elementor-element elementor-element-219762d e-flex e-con-boxed e-con e-parent\" data-id=\"219762d\" data-element_type=\"container\" data-e-type=\"container\">\n\t\t\t\t\t<div class=\"e-con-inner\">\n\t\t<div class=\"elementor-element elementor-element-f5d2f97 e-con-full e-flex e-con e-child\" data-id=\"f5d2f97\" data-element_type=\"container\" data-e-type=\"container\">\n\t\t\t\t<div class=\"elementor-element elementor-element-6b53f39 elementor-widget elementor-widget-image\" data-id=\"6b53f39\" data-element_type=\"widget\" data-e-type=\"widget\" data-widget_type=\"image.default\">\n\t\t\t\t\t\t\t\t\t\t\t\t\t\t\t<img fetchpriority=\"high\" decoding=\"async\" width=\"1024\" height=\"257\" src=\"https:\/\/mobility.1millionbot.com\/wp-content\/uploads\/2024\/11\/Logo2_Movilidad-1024x257.png\" class=\"attachment-large size-large wp-image-262\" alt=\"\" srcset=\"https:\/\/mobility.1millionbot.com\/wp-content\/uploads\/2024\/11\/Logo2_Movilidad-1024x257.png 1024w, https:\/\/mobility.1millionbot.com\/wp-content\/uploads\/2024\/11\/Logo2_Movilidad-300x75.png 300w, https:\/\/mobility.1millionbot.com\/wp-content\/uploads\/2024\/11\/Logo2_Movilidad-768x193.png 768w, https:\/\/mobility.1millionbot.com\/wp-content\/uploads\/2024\/11\/Logo2_Movilidad-1536x386.png 1536w, https:\/\/mobility.1millionbot.com\/wp-content\/uploads\/2024\/11\/Logo2_Movilidad.png 1743w\" sizes=\"(max-width: 1024px) 100vw, 1024px\" \/>\t\t\t\t\t\t\t\t\t\t\t\t\t\t\t<\/div>\n\t\t\t\t<\/div>\n\t\t<div class=\"elementor-element elementor-element-9cb75c9 e-con-full e-flex e-con e-child\" data-id=\"9cb75c9\" data-element_type=\"container\" data-e-type=\"container\">\n\t\t\t\t<div class=\"elementor-element elementor-element-e1be5b1 elementor-widget elementor-widget-maxmegamenu\" data-id=\"e1be5b1\" data-element_type=\"widget\" data-e-type=\"widget\" data-widget_type=\"maxmegamenu.default\">\n\t\t\t\t<div class=\"elementor-widget-container\">\n\t\t\t\t\t<div class=\"menu\"><ul>\n<li class=\"page_item page-item-19 menu-item\"><a href=\"https:\/\/mobility.1millionbot.com\/?page_id=19\" class=\"menu-link\">Contacto<\/a><\/li>\n<li class=\"page_item page-item-11 menu-item\"><a href=\"https:\/\/mobility.1millionbot.com\/?page_id=11\" class=\"menu-link\">Equipo<\/a><\/li>\n<li class=\"page_item page-item-327 menu-item\"><a href=\"https:\/\/mobility.1millionbot.com\/\" class=\"menu-link\">Inicio<\/a><\/li>\n<li class=\"page_item page-item-306 menu-item\"><a href=\"https:\/\/mobility.1millionbot.com\/?page_id=306\" class=\"menu-link\">Kit espacio de datos<\/a><\/li>\n<li class=\"page_item page-item-17 current_page_parent menu-item current-menu-parent\"><a href=\"https:\/\/mobility.1millionbot.com\/?page_id=17\" class=\"menu-link\">Noticias<\/a><\/li>\n<li class=\"page_item page-item-13 menu-item\"><a href=\"https:\/\/mobility.1millionbot.com\/?page_id=13\" class=\"menu-link\">Paquetes de trabajo<\/a><\/li>\n<li class=\"page_item page-item-423 menu-item\"><a href=\"https:\/\/mobility.1millionbot.com\/?page_id=423\" class=\"menu-link\">Pol\u00edtica de privacidad<\/a><\/li>\n<li class=\"page_item page-item-15 menu-item\"><a href=\"https:\/\/mobility.1millionbot.com\/?page_id=15\" class=\"menu-link\">Publicaciones<\/a><\/li>\n<li class=\"page_item page-item-2 menu-item\"><a href=\"https:\/\/mobility.1millionbot.com\/?page_id=2\" class=\"menu-link\">Sample Page<\/a><\/li>\n<\/ul><\/div>\n\t\t\t\t<\/div>\n\t\t\t\t<\/div>\n\t\t\t\t<\/div>\n\t\t\t\t\t<\/div>\n\t\t\t\t<\/div>\n\t\t<div class=\"elementor-element elementor-element-656a6fd8 e-flex e-con-boxed e-con e-parent\" data-id=\"656a6fd8\" data-element_type=\"container\" data-e-type=\"container\">\n\t\t\t\t\t<div class=\"e-con-inner\">\n\t\t<div class=\"elementor-element elementor-element-4f5d2b34 e-con-full e-flex e-con e-child\" data-id=\"4f5d2b34\" data-element_type=\"container\" data-e-type=\"container\">\n\t\t\t\t<div class=\"elementor-element elementor-element-2f22a68 elementor-widget elementor-widget-image\" data-id=\"2f22a68\" data-element_type=\"widget\" data-e-type=\"widget\" data-widget_type=\"image.default\">\n\t\t\t\t\t\t\t\t\t\t\t\t\t\t\t<img decoding=\"async\" src=\"https:\/\/mobility.1millionbot.com\/wp-content\/uploads\/elementor\/thumbs\/Logo-PRTR-dos-lineas_COLOR-e1733160683985-rdvziiixe8ms1jl42eqh1u9ru0lxy03nreid9gxiio.png\" title=\"Logo PRTR dos l\u00edneas_COLOR\" alt=\"Logo PRTR dos l\u00edneas_COLOR\" loading=\"lazy\" \/>\t\t\t\t\t\t\t\t\t\t\t\t\t\t\t<\/div>\n\t\t\t\t<\/div>\n\t\t<div class=\"elementor-element elementor-element-46b77f72 e-con-full e-flex e-con e-child\" data-id=\"46b77f72\" data-element_type=\"container\" data-e-type=\"container\">\n\t\t\t\t<div class=\"elementor-element elementor-element-1ff6ca22 elementor-widget elementor-widget-text-editor\" data-id=\"1ff6ca22\" data-element_type=\"widget\" data-e-type=\"widget\" data-widget_type=\"text-editor.default\">\n\t\t\t\t\t\t\t\t\t<pre>Financiado por la Uni\u00f3n Europea<br \/>NextGenerationEU<\/pre>\t\t\t\t\t\t\t\t<\/div>\n\t\t\t\t<\/div>\n\t\t<div class=\"elementor-element elementor-element-5c809774 e-con-full e-flex e-con e-child\" data-id=\"5c809774\" data-element_type=\"container\" data-e-type=\"container\">\n\t\t\t\t<div class=\"elementor-element elementor-element-3fb8ab40 elementor-widget elementor-widget-image\" data-id=\"3fb8ab40\" data-element_type=\"widget\" data-e-type=\"widget\" data-widget_type=\"image.default\">\n\t\t\t\t\t\t\t\t\t\t\t\t\t\t\t<img decoding=\"async\" width=\"1024\" height=\"228\" src=\"https:\/\/mobility.1millionbot.com\/wp-content\/uploads\/2024\/12\/EN_FundedbytheEU_RGB_POS-1024x228.png\" class=\"attachment-large size-large wp-image-162\" alt=\"\" srcset=\"https:\/\/mobility.1millionbot.com\/wp-content\/uploads\/2024\/12\/EN_FundedbytheEU_RGB_POS-1024x228.png 1024w, https:\/\/mobility.1millionbot.com\/wp-content\/uploads\/2024\/12\/EN_FundedbytheEU_RGB_POS-300x67.png 300w, https:\/\/mobility.1millionbot.com\/wp-content\/uploads\/2024\/12\/EN_FundedbytheEU_RGB_POS-768x171.png 768w, https:\/\/mobility.1millionbot.com\/wp-content\/uploads\/2024\/12\/EN_FundedbytheEU_RGB_POS-1536x342.png 1536w, https:\/\/mobility.1millionbot.com\/wp-content\/uploads\/2024\/12\/EN_FundedbytheEU_RGB_POS-2048x456.png 2048w\" sizes=\"(max-width: 1024px) 100vw, 1024px\" \/>\t\t\t\t\t\t\t\t\t\t\t\t\t\t\t<\/div>\n\t\t\t\t<\/div>\n\t\t\t\t\t<\/div>\n\t\t\t\t<\/div>\n\t\t<div class=\"elementor-element elementor-element-6996479 e-flex e-con-boxed e-con e-parent\" data-id=\"6996479\" data-element_type=\"container\" data-e-type=\"container\">\n\t\t\t\t\t<div class=\"e-con-inner\">\n\t\t\t\t<div class=\"elementor-element elementor-element-392a0ca elementor-widget elementor-widget-image\" data-id=\"392a0ca\" data-element_type=\"widget\" data-e-type=\"widget\" data-widget_type=\"image.default\">\n\t\t\t\t\t\t\t\t\t\t\t\t\t\t\t<img decoding=\"async\" width=\"686\" height=\"69\" src=\"https:\/\/mobility.1millionbot.com\/wp-content\/uploads\/2026\/01\/image.png\" class=\"attachment-large size-large wp-image-733\" alt=\"\" srcset=\"https:\/\/mobility.1millionbot.com\/wp-content\/uploads\/2026\/01\/image.png 686w, https:\/\/mobility.1millionbot.com\/wp-content\/uploads\/2026\/01\/image-300x30.png 300w\" sizes=\"(max-width: 686px) 100vw, 686px\" \/>\t\t\t\t\t\t\t\t\t\t\t\t\t\t\t<\/div>\n\t\t\t\t\t<\/div>\n\t\t\t\t<\/div>\n\t\t<div class=\"elementor-element elementor-element-404672e e-flex e-con-boxed e-con e-parent\" data-id=\"404672e\" data-element_type=\"container\" data-e-type=\"container\" data-settings=\"{&quot;background_background&quot;:&quot;classic&quot;,&quot;shape_divider_top&quot;:&quot;curve&quot;}\">\n\t\t\t\t\t<div class=\"e-con-inner\">\n\t\t\t\t<div class=\"elementor-shape elementor-shape-top\" aria-hidden=\"true\" data-negative=\"false\">\n\t\t\t<svg xmlns=\"http:\/\/www.w3.org\/2000\/svg\" viewBox=\"0 0 1000 100\" preserveAspectRatio=\"none\">\n    <path class=\"elementor-shape-fill\" d=\"M1000,4.3V0H0v4.3C0.9,23.1,126.7,99.2,500,100S1000,22.7,1000,4.3z\"\/>\n<\/svg>\t\t<\/div>\n\t\t<div class=\"elementor-element elementor-element-bcfbba0 e-con-full e-flex e-con e-child\" data-id=\"bcfbba0\" data-element_type=\"container\" data-e-type=\"container\">\n\t\t\t\t<div class=\"elementor-element elementor-element-d275305 elementor-widget__width-initial elementor-widget elementor-widget-image\" data-id=\"d275305\" data-element_type=\"widget\" data-e-type=\"widget\" data-widget_type=\"image.default\">\n\t\t\t\t\t\t\t\t\t\t\t\t\t\t\t<img loading=\"lazy\" decoding=\"async\" width=\"300\" height=\"91\" src=\"https:\/\/mobility.1millionbot.com\/wp-content\/uploads\/2026\/01\/1MB_logo_b-300x91.png\" class=\"attachment-medium size-medium wp-image-695\" alt=\"\" srcset=\"https:\/\/mobility.1millionbot.com\/wp-content\/uploads\/2026\/01\/1MB_logo_b-300x91.png 300w, https:\/\/mobility.1millionbot.com\/wp-content\/uploads\/2026\/01\/1MB_logo_b.png 655w\" sizes=\"(max-width: 300px) 100vw, 300px\" \/>\t\t\t\t\t\t\t\t\t\t\t\t\t\t\t<\/div>\n\t\t\t\t<\/div>\n\t\t<div class=\"elementor-element elementor-element-dec0296 e-con-full e-flex e-con e-child\" data-id=\"dec0296\" data-element_type=\"container\" data-e-type=\"container\">\n\t\t\t\t<div class=\"elementor-element elementor-element-71311cf elementor-widget elementor-widget-text-editor\" data-id=\"71311cf\" data-element_type=\"widget\" data-e-type=\"widget\" data-widget_type=\"text-editor.default\">\n\t\t\t\t\t\t\t\t\t<p><b>1MillionBot<\/b><\/p><p>En 1MillionBot, transformamos datos en conocimiento para potenciar la toma de decisiones estrat\u00e9gicas. Somos un equipo especializado en Inteligencia Artificial, Big Data y An\u00e1lisis Predictivo, comprometido en llevar a las empresas al siguiente nivel mediante soluciones tecnol\u00f3gicas avanzadas.<\/p>\t\t\t\t\t\t\t\t<\/div>\n\t\t\t\t<div class=\"elementor-element elementor-element-42c849d elementor-mobile-align-center elementor-widget elementor-widget-button\" data-id=\"42c849d\" data-element_type=\"widget\" data-e-type=\"widget\" data-widget_type=\"button.default\">\n\t\t\t\t\t\t\t\t\t\t<a class=\"elementor-button elementor-button-link elementor-size-sm\" href=\"https:\/\/1millionbot.com\/\">\n\t\t\t\t\t\t<span class=\"elementor-button-content-wrapper\">\n\t\t\t\t\t\t\t\t\t<span class=\"elementor-button-text\">\u00a1Visita nuestra p\u00e1gina web!<\/span>\n\t\t\t\t\t<\/span>\n\t\t\t\t\t<\/a>\n\t\t\t\t\t\t\t\t<\/div>\n\t\t\t\t<\/div>\n\t\t\t\t\t<\/div>\n\t\t\t\t<\/div>\n\t\t<div class=\"elementor-element elementor-element-7254aab e-flex e-con-boxed e-con e-parent\" data-id=\"7254aab\" data-element_type=\"container\" data-e-type=\"container\" data-settings=\"{&quot;background_background&quot;:&quot;classic&quot;}\">\n\t\t\t\t\t<div class=\"e-con-inner\">\n\t\t<div class=\"elementor-element elementor-element-960b5b3 e-con-full e-flex e-con e-child\" data-id=\"960b5b3\" data-element_type=\"container\" data-e-type=\"container\" data-settings=\"{&quot;background_background&quot;:&quot;classic&quot;}\">\n\t\t\t\t<div class=\"elementor-element elementor-element-98250ef elementor-widget elementor-widget-text-editor\" data-id=\"98250ef\" data-element_type=\"widget\" data-e-type=\"widget\" data-widget_type=\"text-editor.default\">\n\t\t\t\t\t\t\t\t\t<p><strong>Contacta con nosotros<\/strong><\/p>\t\t\t\t\t\t\t\t<\/div>\n\t\t\t\t<div class=\"elementor-element elementor-element-601efc3 elementor-align-center elementor-widget elementor-widget-button\" data-id=\"601efc3\" data-element_type=\"widget\" data-e-type=\"widget\" data-widget_type=\"button.default\">\n\t\t\t\t\t\t\t\t\t\t<a class=\"elementor-button elementor-button-link elementor-size-sm\" href=\"https:\/\/1millionbot.com\/contacto\/\">\n\t\t\t\t\t\t<span class=\"elementor-button-content-wrapper\">\n\t\t\t\t\t\t<span class=\"elementor-button-icon\">\n\t\t\t\t<svg aria-hidden=\"true\" class=\"e-font-icon-svg e-far-eye\" viewBox=\"0 0 576 512\" xmlns=\"http:\/\/www.w3.org\/2000\/svg\"><path d=\"M288 144a110.94 110.94 0 0 0-31.24 5 55.4 55.4 0 0 1 7.24 27 56 56 0 0 1-56 56 55.4 55.4 0 0 1-27-7.24A111.71 111.71 0 1 0 288 144zm284.52 97.4C518.29 135.59 410.93 64 288 64S57.68 135.64 3.48 241.41a32.35 32.35 0 0 0 0 29.19C57.71 376.41 165.07 448 288 448s230.32-71.64 284.52-177.41a32.35 32.35 0 0 0 0-29.19zM288 400c-98.65 0-189.09-55-237.93-144C98.91 167 189.34 112 288 112s189.09 55 237.93 144C477.1 345 386.66 400 288 400z\"><\/path><\/svg>\t\t\t<\/span>\n\t\t\t\t\t\t\t\t\t<span class=\"elementor-button-text\">1MillionBot<\/span>\n\t\t\t\t\t<\/span>\n\t\t\t\t\t<\/a>\n\t\t\t\t\t\t\t\t<\/div>\n\t\t\t\t<div class=\"elementor-element elementor-element-e7a733d elementor-widget elementor-widget-text-editor\" data-id=\"e7a733d\" data-element_type=\"widget\" data-e-type=\"widget\" data-widget_type=\"text-editor.default\">\n\t\t\t\t\t\t\t\t\t<h5><span style=\"color: #9ade888;\"><strong>Ubicaci\u00f3n<\/strong><\/span><\/h5><p><strong>Av. Pintor Perez Gil, 16<\/strong><br \/><strong>03540 Alacant, Alicante<\/strong><\/p><h5><span style=\"color: #9ade888;\"><strong>Contacto<\/strong><\/span><\/h5><p><strong>+34 623025767<\/strong><br \/><strong>info@1millionbot.com<\/strong><\/p>\t\t\t\t\t\t\t\t<\/div>\n\t\t\t\t<\/div>\n\t\t\t\t\t<\/div>\n\t\t\t\t<\/div>\n\t\t<div class=\"elementor-element elementor-element-49b9ef8d e-con-full e-flex e-con e-parent\" data-id=\"49b9ef8d\" data-element_type=\"container\" data-e-type=\"container\">\n\t\t\t\t<div class=\"elementor-element elementor-element-26023fad elementor-widget elementor-widget-html\" data-id=\"26023fad\" data-element_type=\"widget\" data-e-type=\"widget\" data-widget_type=\"html.default\">\n\t\t\t\t\t<iframe src=\"https:\/\/www.google.com\/maps\/embed?pb=!1m18!1m12!1m3!1d3127.428570829036!2d-0.4340058227798299!3d38.38533867675323!2m3!1f0!2f0!3f0!3m2!1i1024!2i768!4f13.1!3m3!1m2!1s0xd6239baaf9c7ef3%3A0xf21c3682d83e77fb!2s1MillionBot%20%7C%20Inteligencia%20Artificial!5e0!3m2!1ses!2ses!4v1768410642655!5m2!1ses!2ses\" width=\"600\" height=\"450\" style=\"border:0;\" allowfullscreen=\"\" loading=\"lazy\" referrerpolicy=\"no-referrer-when-downgrade\"><\/iframe>\t\t\t\t<\/div>\n\t\t\t\t<\/div>\n\t\t\t\t<\/div>\n\t\t","protected":false},"excerpt":{"rendered":"<p>Contacto Equipo Inicio Kit espacio de datos Noticias Paquetes de trabajo Pol\u00edtica de privacidad Publicaciones Sample Page Financiado por la [&hellip;]<\/p>\n","protected":false},"author":2,"featured_media":0,"parent":0,"menu_order":0,"comment_status":"closed","ping_status":"closed","template":"elementor_header_footer","meta":{"site-sidebar-layout":"default","site-content-layout":"","ast-site-content-layout":"default","site-content-style":"default","site-sidebar-style":"default","ast-global-header-display":"","ast-banner-title-visibility":"","ast-main-header-display":"","ast-hfb-above-header-display":"","ast-hfb-below-header-display":"","ast-hfb-mobile-header-display":"","site-post-title":"","ast-breadcrumbs-content":"","ast-featured-img":"","footer-sml-layout":"","ast-disable-related-posts":"","theme-transparent-header-meta":"","adv-header-id-meta":"","stick-header-meta":"","header-above-stick-meta":"","header-main-stick-meta":"","header-below-stick-meta":"","astra-migrate-meta-layouts":"default","ast-page-background-enabled":"default","ast-page-background-meta":{"desktop":{"background-color":"var(--ast-global-color-5)","background-image":"","background-repeat":"repeat","background-position":"center center","background-size":"auto","background-attachment":"scroll","background-type":"","background-media":"","overlay-type":"","overlay-color":"","overlay-opacity":"","overlay-gradient":""},"tablet":{"background-color":"","background-image":"","background-repeat":"repeat","background-position":"center center","background-size":"auto","background-attachment":"scroll","background-type":"","background-media":"","overlay-type":"","overlay-color":"","overlay-opacity":"","overlay-gradient":""},"mobile":{"background-color":"","background-image":"","background-repeat":"repeat","background-position":"center center","background-size":"auto","background-attachment":"scroll","background-type":"","background-media":"","overlay-type":"","overlay-color":"","overlay-opacity":"","overlay-gradient":""}},"ast-content-background-meta":{"desktop":{"background-color":"var(--ast-global-color-4)","background-image":"","background-repeat":"repeat","background-position":"center center","background-size":"auto","background-attachment":"scroll","background-type":"","background-media":"","overlay-type":"","overlay-color":"","overlay-opacity":"","overlay-gradient":""},"tablet":{"background-color":"var(--ast-global-color-4)","background-image":"","background-repeat":"repeat","background-position":"center center","background-size":"auto","background-attachment":"scroll","background-type":"","background-media":"","overlay-type":"","overlay-color":"","overlay-opacity":"","overlay-gradient":""},"mobile":{"background-color":"var(--ast-global-color-4)","background-image":"","background-repeat":"repeat","background-position":"center center","background-size":"auto","background-attachment":"scroll","background-type":"","background-media":"","overlay-type":"","overlay-color":"","overlay-opacity":"","overlay-gradient":""}},"footnotes":""},"class_list":["post-19","page","type-page","status-publish","hentry"],"_links":{"self":[{"href":"https:\/\/mobility.1millionbot.com\/index.php?rest_route=\/wp\/v2\/pages\/19","targetHints":{"allow":["GET"]}}],"collection":[{"href":"https:\/\/mobility.1millionbot.com\/index.php?rest_route=\/wp\/v2\/pages"}],"about":[{"href":"https:\/\/mobility.1millionbot.com\/index.php?rest_route=\/wp\/v2\/types\/page"}],"author":[{"embeddable":true,"href":"https:\/\/mobility.1millionbot.com\/index.php?rest_route=\/wp\/v2\/users\/2"}],"replies":[{"embeddable":true,"href":"https:\/\/mobility.1millionbot.com\/index.php?rest_route=%2Fwp%2Fv2%2Fcomments&post=19"}],"version-history":[{"count":39,"href":"https:\/\/mobility.1millionbot.com\/index.php?rest_route=\/wp\/v2\/pages\/19\/revisions"}],"predecessor-version":[{"id":751,"href":"https:\/\/mobility.1millionbot.com\/index.php?rest_route=\/wp\/v2\/pages\/19\/revisions\/751"}],"wp:attachment":[{"href":"https:\/\/mobility.1millionbot.com\/index.php?rest_route=%2Fwp%2Fv2%2Fmedia&parent=19"}],"curies":[{"name":"wp","href":"https:\/\/api.w.org\/{rel}","templated":true}]}}